{"id":28,"date":"2023-11-15T18:46:17","date_gmt":"2023-11-15T18:46:17","guid":{"rendered":"https:\/\/muellereitagung.ch\/?page_id=28"},"modified":"2024-04-29T05:19:07","modified_gmt":"2024-04-29T05:19:07","slug":"programm","status":"publish","type":"page","link":"https:\/\/muellereitagung.ch\/index.php\/programm\/","title":{"rendered":"Tagungsprogramm_02"},"content":{"rendered":"\n<h2 class=\"wp-block-heading\"><strong>Donnerstag, 05. September 2024<\/strong><\/h2>\n\n\n\n<ul class=\"wp-block-list\">\n<li>Ankunft der Tagungsteilnehmer im Imlauer Pitter Hotel, oder einer Unterkunft freier<br>Wahl.<\/li>\n<\/ul>\n\n\n\n<ul class=\"wp-block-list\">\n<li>ab 17:30 Uhr           Begr\u00fcssung der ersten G\u00e4ste M\u00fcllerstammtisch mit Bier &#8211; Anstich, im Stiegl-Keller<\/li>\n\n\n\n<li>ab 19.00 Uhr&nbsp;&nbsp;&nbsp;&nbsp;&nbsp;&nbsp;&nbsp;&nbsp;&nbsp;&nbsp; Ungezwungener M\u00fcllerstammtisch im Stieglkeller<\/li>\n<\/ul>\n\n\n\n<h2 class=\"wp-block-heading\"><strong>Freitag, 06. September 2024<\/strong><\/h2>\n\n\n\n<div class=\"wp-block-columns is-layout-flex wp-container-core-columns-is-layout-9d6595d7 wp-block-columns-is-layout-flex\">\n<div class=\"wp-block-column is-layout-flow wp-block-column-is-layout-flow\" style=\"flex-basis:100%\">\n<div class=\"wp-block-group\"><div class=\"wp-block-group__inner-container is-layout-constrained wp-block-group-is-layout-constrained\">\n<figure class=\"wp-block-table\"><table><tbody><tr><td class=\"has-text-align-center\" data-align=\"center\"><strong>08:15<\/strong><br><strong> \u2013 08:45<\/strong>         <\/td><td class=\"has-text-align-center\" data-align=\"center\">Willkommenskaffee in der Lobby des Tagungshotels Imlauer Pitter<\/td><\/tr><tr><td class=\"has-text-align-center\" data-align=\"center\"><strong>08:45<\/strong><br><strong> \u2013 09:00<\/strong>&nbsp;&nbsp;<\/td><td class=\"has-text-align-center\" data-align=\"center\"><strong><em>Er\u00f6ffnung der M\u00fcllereitagung durch Christoph Grabmer, OK-Pr\u00e4sident:<\/em><\/strong><br>                                       a) Informationen und Organisatorisches zur Tagung<br>                                       b) Ausblick auf das Tagungsprogramm<br>                                       c) Er\u00f6ffnungsrede<\/td><\/tr><tr><td class=\"has-text-align-center\" data-align=\"center\"><strong>09:00<\/strong><br><strong> \u2013 09:45 <\/strong><\/td><td class=\"has-text-align-center\" data-align=\"center\"><strong><em>Gabi Schenkel, Extremsportlerin, Coach und Keynote Speakerin<\/em><\/strong><br><strong> <\/strong>Resilienz und Motivation als Schl\u00fcsselfaktoren, um zusammen im Team ein                                        gemeinsames Ziel zu erreichen und sicher in einer VUCA-Welt sein Unternehmen zu                            navigieren<\/td><\/tr><tr><td class=\"has-text-align-center\" data-align=\"center\"><strong>09:50<\/strong><br><strong> \u2013 10:35<\/strong>\u00a0\u00a0\u00a0\u00a0<\/td><td class=\"has-text-align-center\" data-align=\"center\"> <strong><em>Daniel Fischer, Mechanical Development Engineer<\/em><\/strong><br><strong>&nbsp;&nbsp; <\/strong>Neue Methoden und Ans\u00e4tze f\u00fcr energieeffiziente Antriebstechniken<\/td><\/tr><tr><td class=\"has-text-align-center\" data-align=\"center\"><strong>10:35 \u2013 10:55&nbsp;<\/strong><\/td><td class=\"has-text-align-center\" data-align=\"center\"><strong><em>Kurzvortrag Hauptsponsor B\u00fchler AG<\/em><\/strong><\/td><\/tr><tr><td class=\"has-text-align-center\" data-align=\"center\"><strong>10:55 \u2013 <\/strong><br><strong>11:15<\/strong><\/td><td class=\"has-text-align-center\" data-align=\"center\"><strong><em>Kaffeepause im Imlauer Hotel Pitter<\/em><\/strong><\/td><\/tr><tr><td class=\"has-text-align-center\" data-align=\"center\"><strong>11:15<\/strong><br><strong>\u2013 12:00<\/strong><\/td><td class=\"has-text-align-center\" data-align=\"center\"><strong><em>Prof. Mario Jekle, Universit\u00e4t Hohenheim, Leiter Institut pflanzliche Lebensmittel<\/em><\/strong><br>Strategien zur Sicherung der Nahrungsmittelversorgung durch Getreide<\/td><\/tr><tr><td class=\"has-text-align-center\" data-align=\"center\"><strong>12:05 \u2013 12:55<\/strong><\/td><td class=\"has-text-align-center\" data-align=\"center\"><strong><em>Michael Haag, Technischer Leiter Saalem\u00fchle Alsleben<\/em><\/strong><br>Vorteile einer sortenreinen Vermahlung und H\u00fcrden in der Umsetzung in einem Vermahlungsbetrieb<\/td><\/tr><tr><td class=\"has-text-align-center\" data-align=\"center\"><strong>12:55 \u2013 <\/strong><br><strong>14:15<\/strong><\/td><td class=\"has-text-align-center\" data-align=\"center\"><strong><em>Stehlunch im Imlauer Hotel Pitter<\/em><\/strong><\/td><\/tr><tr><td class=\"has-text-align-center\" data-align=\"center\"><strong>14:15 <\/strong><br><strong>\u2013 15:00<\/strong><\/td><td class=\"has-text-align-center\" data-align=\"center\"><strong><em>Torsten Nitsche, CEO Enleco AG<\/em><\/strong><br>Wie initiiert man einen Innovationsprozess und worauf kommt es an, damit man sein Ziel nicht aus den Augen verliert?<\/td><\/tr><tr><td class=\"has-text-align-center\" data-align=\"center\"><strong>15:05 \u2013 15.50<\/strong><\/td><td class=\"has-text-align-center\" data-align=\"center\"><strong><em>Alexander Rieper, Gesch\u00e4ftsf\u00fchrer Rieper M\u00fchle S\u00fcdtirol<\/em><\/strong>&nbsp;<br>Wie helfen sich Digitalisierung und M\u00fcller gegenseitig?<\/td><\/tr><tr><td class=\"has-text-align-center\" data-align=\"center\"><strong>15:50 \u2013 <\/strong><br><strong>16:10<\/strong><\/td><td class=\"has-text-align-center\" data-align=\"center\"><strong><em>Kaffeepause im Imlauer Hotel Pitter<\/em><\/strong><\/td><\/tr><tr><td class=\"has-text-align-center\" data-align=\"center\"><strong><strong>16:10 <\/strong><\/strong><br><strong><strong>\u2013 16.55<\/strong><\/strong><\/td><td class=\"has-text-align-center\" data-align=\"center\"><strong><em>Reto Moesch, Leiter Department Produktion bei UFA AG und Paul Steiner, Vorsitzender der Gesch\u00e4ftsleitung bei UFA AG<\/em><\/strong><br>Aktuelle Situation und zuk\u00fcnftige Herausforderungen in der Futtermittelbranche. Welche Markttrends lassen sich erkennen, worin bestehen neue M\u00f6glichkeiten und wohin entwickelt sich die Technologie<\/td><\/tr><tr><td class=\"has-text-align-center\" data-align=\"center\"><strong>16:55 \u2013 <\/strong><br><strong>17:10<\/strong><\/td><td class=\"has-text-align-center\" data-align=\"center\"><strong>Schlusswort durch OK Pr\u00e4sident Christoph Grabmer<\/strong><\/td><\/tr><tr><td class=\"has-text-align-center\" data-align=\"center\"><strong>18:30 \u2013 19:30<\/strong><\/td><td class=\"has-text-align-center\" data-align=\"center\"><strong>Apero im Foyer des Imlauer Hotel Pitter &nbsp;&nbsp;<\/strong><\/td><\/tr><tr><td class=\"has-text-align-center\" data-align=\"center\"><strong>19:30 \u2013 01:00<\/strong>       <\/td><td class=\"has-text-align-center\" data-align=\"center\"><strong>Galaabend im Imlauer Sky Restaurant und im Pitterkeller Restaurant<\/strong><\/td><\/tr><\/tbody><\/table><\/figure>\n<\/div><\/div>\n<\/div>\n<\/div>\n\n\n\n<p class=\"has-text-align-left\"><\/p>\n\n\n\n<h2 class=\"wp-block-heading\"><strong>Samstag 07. September 2024<\/strong><\/h2>\n\n\n\n<div class=\"wp-block-columns is-layout-flex wp-container-core-columns-is-layout-9d6595d7 wp-block-columns-is-layout-flex\">\n<div class=\"wp-block-column is-layout-flow wp-block-column-is-layout-flow\" style=\"flex-basis:100%\">\n<div class=\"wp-block-group\"><div class=\"wp-block-group__inner-container is-layout-constrained wp-block-group-is-layout-constrained\">\n<figure class=\"wp-block-table\"><table><tbody><tr><td class=\"has-text-align-center\" data-align=\"center\"><strong><strong>09:00 \u2013 09:05<\/strong><\/strong>      <\/td><td class=\"has-text-align-center\" data-align=\"center\"><strong><em>Begr\u00fcssung der Tagungsteilnehmer im Tagungssaal zum 2. Tagungstag durch OK Pr\u00e4sident Christoph Grabmer<\/em><\/strong><\/td><\/tr><tr><td class=\"has-text-align-center\" data-align=\"center\"><strong>09:05 \u2013 09:20<\/strong><\/td><td class=\"has-text-align-center\" data-align=\"center\"><strong><em>Kurzvortrag Hauptsponsor UHR GmbH, Betoninstandsetzung<\/em><\/strong><\/td><\/tr><tr><td class=\"has-text-align-center\" data-align=\"center\"><strong><strong>09:30 \u2013 10:15<\/strong><\/strong><\/td><td class=\"has-text-align-center\" data-align=\"center\"><strong><em>Michael Kleinert, Institutsleiter an der Z\u00fcrcher Hochschule f\u00fcr angewandte Wissenschaft f\u00fcr Lebensmittel- und Getr\u00e4nkeinnovation und Pr\u00e4sident Vereinigung der Backwarenbranche Schweiz<\/em><\/strong><br>Zukunft der Backwarenbranche \u2013 Zwischen Genuss und Regeneration. Welche Rezepte stehen dem B\u00e4cker, als wichtigsten Kunden f\u00fcr den M\u00fcller zur Verf\u00fcgung, um erfolgreich am Markt bestehen zu k\u00f6nnen<\/td><\/tr><tr><td class=\"has-text-align-center\" data-align=\"center\"><strong>10:15 \u2013 11:00<\/strong>&nbsp;&nbsp;&nbsp;<\/td><td class=\"has-text-align-center\" data-align=\"center\"><strong><em>Godo R\u00f6ben, Ehemaliger CMO R\u00fcgenwalder M\u00fchle. Heute Aufsichtsrat, Berater und Investor<\/em><\/strong><br>Transformation der R\u00fcgenwalder M\u00fchle.<br>Wie schafft man es den traditionellen Schlachtbetrieb R\u00fcgenwalder M\u00fchle in einen hochmodernen Marktf\u00fchrer im veganen Markt zu transformieren und warum spielt die Unternehmenskultur dabei eine entscheidende Rolle?<\/td><\/tr><tr><td class=\"has-text-align-center\" data-align=\"center\"><strong>\u00a0<br><strong>11:00 \u2013<\/strong><\/strong><br><strong><strong>11:15<\/strong><\/strong><\/td><td class=\"has-text-align-center\" data-align=\"center\"><strong><em><strong>Kaffeepause<\/strong><\/em><\/strong><\/td><\/tr><tr><td class=\"has-text-align-center\" data-align=\"center\"><strong>11:15<\/strong><br><strong> \u2013 12:00<\/strong><\/td><td class=\"has-text-align-center\" data-align=\"center\"><strong><em>Charlotte Reiff, Energy Factory St. Gallen<\/em><\/strong><br>Leadership, F\u00fchrungsverhalten und Arbeitgeberattraktivit\u00e4t. Welche Rezepte stehen Unternehmern zur Verf\u00fcgung, um den W\u00fcnschen der Generation Z zu entsprechen und das Unternehmen erfolgreich zu positionieren<\/td><\/tr><tr><td class=\"has-text-align-center\" data-align=\"center\"><strong><strong>12:00 \u2013 12.50<\/strong><\/strong><\/td><td class=\"has-text-align-center\" data-align=\"center\"><strong><em>Fachkr\u00e4ftemangel in der M\u00fcllerei \u2013 Wo sind die M\u00fcller geblieben?<\/em> <\/strong><br>Podimsdikussion zum Thema Fachkr\u00e4ftemangel und Mitarbeiterrekrutierung mit Vertretern aus Wissenschaft, Bildung und Industrie<\/td><\/tr><tr><td class=\"has-text-align-center\" data-align=\"center\"><strong><strong>12:50 \u2013 13:05<\/strong><\/strong><\/td><td class=\"has-text-align-center\" data-align=\"center\"><strong><em><strong><em>Zusammenfassung der Tagung und Verabschiedung der Tagungsteilnehmer durch den OK Pr\u00e4sident Christoph Grabmer<\/em><\/strong><\/em><\/strong><\/td><\/tr><tr><td class=\"has-text-align-center\" data-align=\"center\"><strong><strong>13:05 \u2013 14:00<\/strong><\/strong><\/td><td class=\"has-text-align-center\" data-align=\"center\"><strong><em>Torsten Nitsche, CEO Enleco AG<\/em><\/strong><br>Wie initiiert man einen Innovationsprozess und worauf kommt es an, damit man sein Ziel nicht aus den Augen verliert?<\/td><\/tr><tr><td class=\"has-text-align-center\" data-align=\"center\"><strong>15:05 \u2013 15:50<\/strong><\/td><td class=\"has-text-align-center\" data-align=\"center\"><strong><em>Stehlunch im Imlauer Hotel Pitter<\/em><\/strong><\/td><\/tr><\/tbody><\/table><\/figure>\n<\/div><\/div>\n<\/div>\n<\/div>\n\n\n\n<h2 class=\"wp-block-heading\"><a href=\"https:\/\/muellereitagung.ch\/index.php\/begleitpersonen-rahmen-programm\/\">Rahmenprogramm f\u00fcr Begleitpersonen<\/a><\/h2>\n\n\n\n<p><\/p>\n","protected":false},"excerpt":{"rendered":"<p>Donnerstag, 05. September 2024 Freitag, 06. September 2024 08:15 \u2013 08:45 Willkommenskaffee in der Lobby des Tagungshotels Imlauer Pitter 08:45 \u2013 09:00&nbsp;&nbsp; Er\u00f6ffnung der M\u00fcllereitagung durch Christoph Grabmer, OK-Pr\u00e4sident: a) Informationen und Organisatorisches zur Tagung b) Ausblick auf das Tagungsprogramm c) Er\u00f6ffnungsrede 09:00 \u2013 09:45 Gabi Schenkel, Extremsportlerin, Coach und Keynote Speakerin Resilienz und Motivation [&hellip;]<\/p>\n","protected":false},"author":1,"featured_media":0,"parent":0,"menu_order":0,"comment_status":"closed","ping_status":"closed","template":"","meta":{"_uf_show_specific_survey":0,"_uf_disable_surveys":false,"footnotes":""},"class_list":["post-28","page","type-page","status-publish","hentry"],"yoast_head":"<!-- This site is optimized with the Yoast SEO plugin v27.4 - https:\/\/yoast.com\/product\/yoast-seo-wordpress\/ -->\n<title>Tagungsprogramm_02 - M\u00dcTA 24<\/title>\n<meta name=\"robots\" content=\"index, follow, max-snippet:-1, max-image-preview:large, max-video-preview:-1\" \/>\n<link rel=\"canonical\" href=\"https:\/\/muellereitagung.ch\/index.php\/programm\/\" \/>\n<meta property=\"og:locale\" content=\"de_DE\" \/>\n<meta property=\"og:type\" content=\"article\" \/>\n<meta property=\"og:title\" content=\"Tagungsprogramm_02 - M\u00dcTA 24\" \/>\n<meta property=\"og:description\" content=\"Donnerstag, 05. September 2024 Freitag, 06. September 2024 08:15 \u2013 08:45 Willkommenskaffee in der Lobby des Tagungshotels Imlauer Pitter 08:45 \u2013 09:00&nbsp;&nbsp; Er\u00f6ffnung der M\u00fcllereitagung durch Christoph Grabmer, OK-Pr\u00e4sident: a) Informationen und Organisatorisches zur Tagung b) Ausblick auf das Tagungsprogramm c) Er\u00f6ffnungsrede 09:00 \u2013 09:45 Gabi Schenkel, Extremsportlerin, Coach und Keynote Speakerin Resilienz und Motivation [&hellip;]\" \/>\n<meta property=\"og:url\" content=\"https:\/\/muellereitagung.ch\/index.php\/programm\/\" \/>\n<meta property=\"og:site_name\" content=\"M\u00dcTA 24\" \/>\n<meta property=\"article:modified_time\" content=\"2024-04-29T05:19:07+00:00\" \/>\n<meta name=\"twitter:card\" content=\"summary_large_image\" \/>\n<meta name=\"twitter:label1\" content=\"Gesch\u00e4tzte Lesezeit\" \/>\n\t<meta name=\"twitter:data1\" content=\"3\u00a0Minuten\" \/>\n<script type=\"application\/ld+json\" class=\"yoast-schema-graph\">{\"@context\":\"https:\\\/\\\/schema.org\",\"@graph\":[{\"@type\":\"WebPage\",\"@id\":\"https:\\\/\\\/muellereitagung.ch\\\/index.php\\\/programm\\\/\",\"url\":\"https:\\\/\\\/muellereitagung.ch\\\/index.php\\\/programm\\\/\",\"name\":\"Tagungsprogramm_02 - M\u00dcTA 24\",\"isPartOf\":{\"@id\":\"https:\\\/\\\/muellereitagung.ch\\\/#website\"},\"datePublished\":\"2023-11-15T18:46:17+00:00\",\"dateModified\":\"2024-04-29T05:19:07+00:00\",\"breadcrumb\":{\"@id\":\"https:\\\/\\\/muellereitagung.ch\\\/index.php\\\/programm\\\/#breadcrumb\"},\"inLanguage\":\"de\",\"potentialAction\":[{\"@type\":\"ReadAction\",\"target\":[\"https:\\\/\\\/muellereitagung.ch\\\/index.php\\\/programm\\\/\"]}]},{\"@type\":\"BreadcrumbList\",\"@id\":\"https:\\\/\\\/muellereitagung.ch\\\/index.php\\\/programm\\\/#breadcrumb\",\"itemListElement\":[{\"@type\":\"ListItem\",\"position\":1,\"name\":\"Startseite\",\"item\":\"https:\\\/\\\/muellereitagung.ch\\\/\"},{\"@type\":\"ListItem\",\"position\":2,\"name\":\"Tagungsprogramm_02\"}]},{\"@type\":\"WebSite\",\"@id\":\"https:\\\/\\\/muellereitagung.ch\\\/#website\",\"url\":\"https:\\\/\\\/muellereitagung.ch\\\/\",\"name\":\"M\u00dcTA 24\",\"description\":\"Tagung 2024\",\"publisher\":{\"@id\":\"https:\\\/\\\/muellereitagung.ch\\\/#organization\"},\"potentialAction\":[{\"@type\":\"SearchAction\",\"target\":{\"@type\":\"EntryPoint\",\"urlTemplate\":\"https:\\\/\\\/muellereitagung.ch\\\/?s={search_term_string}\"},\"query-input\":{\"@type\":\"PropertyValueSpecification\",\"valueRequired\":true,\"valueName\":\"search_term_string\"}}],\"inLanguage\":\"de\"},{\"@type\":\"Organization\",\"@id\":\"https:\\\/\\\/muellereitagung.ch\\\/#organization\",\"name\":\"M\u00dcTA 24\",\"url\":\"https:\\\/\\\/muellereitagung.ch\\\/\",\"logo\":{\"@type\":\"ImageObject\",\"inLanguage\":\"de\",\"@id\":\"https:\\\/\\\/muellereitagung.ch\\\/#\\\/schema\\\/logo\\\/image\\\/\",\"url\":\"https:\\\/\\\/muellereitagung.ch\\\/wp-content\\\/uploads\\\/2023\\\/11\\\/cropped-base_icon_white_background-1.png\",\"contentUrl\":\"https:\\\/\\\/muellereitagung.ch\\\/wp-content\\\/uploads\\\/2023\\\/11\\\/cropped-base_icon_white_background-1.png\",\"width\":708,\"height\":682,\"caption\":\"M\u00dcTA 24\"},\"image\":{\"@id\":\"https:\\\/\\\/muellereitagung.ch\\\/#\\\/schema\\\/logo\\\/image\\\/\"}}]}<\/script>\n<!-- \/ Yoast SEO plugin. -->","yoast_head_json":{"title":"Tagungsprogramm_02 - M\u00dcTA 24","robots":{"index":"index","follow":"follow","max-snippet":"max-snippet:-1","max-image-preview":"max-image-preview:large","max-video-preview":"max-video-preview:-1"},"canonical":"https:\/\/muellereitagung.ch\/index.php\/programm\/","og_locale":"de_DE","og_type":"article","og_title":"Tagungsprogramm_02 - M\u00dcTA 24","og_description":"Donnerstag, 05. September 2024 Freitag, 06. September 2024 08:15 \u2013 08:45 Willkommenskaffee in der Lobby des Tagungshotels Imlauer Pitter 08:45 \u2013 09:00&nbsp;&nbsp; Er\u00f6ffnung der M\u00fcllereitagung durch Christoph Grabmer, OK-Pr\u00e4sident: a) Informationen und Organisatorisches zur Tagung b) Ausblick auf das Tagungsprogramm c) Er\u00f6ffnungsrede 09:00 \u2013 09:45 Gabi Schenkel, Extremsportlerin, Coach und Keynote Speakerin Resilienz und Motivation [&hellip;]","og_url":"https:\/\/muellereitagung.ch\/index.php\/programm\/","og_site_name":"M\u00dcTA 24","article_modified_time":"2024-04-29T05:19:07+00:00","twitter_card":"summary_large_image","twitter_misc":{"Gesch\u00e4tzte Lesezeit":"3\u00a0Minuten"},"schema":{"@context":"https:\/\/schema.org","@graph":[{"@type":"WebPage","@id":"https:\/\/muellereitagung.ch\/index.php\/programm\/","url":"https:\/\/muellereitagung.ch\/index.php\/programm\/","name":"Tagungsprogramm_02 - M\u00dcTA 24","isPartOf":{"@id":"https:\/\/muellereitagung.ch\/#website"},"datePublished":"2023-11-15T18:46:17+00:00","dateModified":"2024-04-29T05:19:07+00:00","breadcrumb":{"@id":"https:\/\/muellereitagung.ch\/index.php\/programm\/#breadcrumb"},"inLanguage":"de","potentialAction":[{"@type":"ReadAction","target":["https:\/\/muellereitagung.ch\/index.php\/programm\/"]}]},{"@type":"BreadcrumbList","@id":"https:\/\/muellereitagung.ch\/index.php\/programm\/#breadcrumb","itemListElement":[{"@type":"ListItem","position":1,"name":"Startseite","item":"https:\/\/muellereitagung.ch\/"},{"@type":"ListItem","position":2,"name":"Tagungsprogramm_02"}]},{"@type":"WebSite","@id":"https:\/\/muellereitagung.ch\/#website","url":"https:\/\/muellereitagung.ch\/","name":"M\u00dcTA 24","description":"Tagung 2024","publisher":{"@id":"https:\/\/muellereitagung.ch\/#organization"},"potentialAction":[{"@type":"SearchAction","target":{"@type":"EntryPoint","urlTemplate":"https:\/\/muellereitagung.ch\/?s={search_term_string}"},"query-input":{"@type":"PropertyValueSpecification","valueRequired":true,"valueName":"search_term_string"}}],"inLanguage":"de"},{"@type":"Organization","@id":"https:\/\/muellereitagung.ch\/#organization","name":"M\u00dcTA 24","url":"https:\/\/muellereitagung.ch\/","logo":{"@type":"ImageObject","inLanguage":"de","@id":"https:\/\/muellereitagung.ch\/#\/schema\/logo\/image\/","url":"https:\/\/muellereitagung.ch\/wp-content\/uploads\/2023\/11\/cropped-base_icon_white_background-1.png","contentUrl":"https:\/\/muellereitagung.ch\/wp-content\/uploads\/2023\/11\/cropped-base_icon_white_background-1.png","width":708,"height":682,"caption":"M\u00dcTA 24"},"image":{"@id":"https:\/\/muellereitagung.ch\/#\/schema\/logo\/image\/"}}]}},"_links":{"self":[{"href":"https:\/\/muellereitagung.ch\/index.php\/wp-json\/wp\/v2\/pages\/28","targetHints":{"allow":["GET"]}}],"collection":[{"href":"https:\/\/muellereitagung.ch\/index.php\/wp-json\/wp\/v2\/pages"}],"about":[{"href":"https:\/\/muellereitagung.ch\/index.php\/wp-json\/wp\/v2\/types\/page"}],"author":[{"embeddable":true,"href":"https:\/\/muellereitagung.ch\/index.php\/wp-json\/wp\/v2\/users\/1"}],"replies":[{"embeddable":true,"href":"https:\/\/muellereitagung.ch\/index.php\/wp-json\/wp\/v2\/comments?post=28"}],"version-history":[{"count":14,"href":"https:\/\/muellereitagung.ch\/index.php\/wp-json\/wp\/v2\/pages\/28\/revisions"}],"predecessor-version":[{"id":167,"href":"https:\/\/muellereitagung.ch\/index.php\/wp-json\/wp\/v2\/pages\/28\/revisions\/167"}],"wp:attachment":[{"href":"https:\/\/muellereitagung.ch\/index.php\/wp-json\/wp\/v2\/media?parent=28"}],"curies":[{"name":"wp","href":"https:\/\/api.w.org\/{rel}","templated":true}]}}